- 40. Suppose -v = -5*q + 17. Calculate the remainder when f(7) is divided by q.
2
Suppose -9*p + 8597 = -6874. Suppose 0 = 2*g + 7*g - p. Calculate the remainder when g is divided by 12.
11
Suppose -10627 + 2875 = -19*d. Suppose -c + d = 7*c. Let a(n) = n**2 + 3*n - 5. What is the remainder when a(11) is divided by c?
47
Suppose 6*s = -543 + 453. Calculate the remainder when ((-140)/s)/((-6)/(-99)) is divided by 80.
74
What is the remainder when 573 is divided by (6/(-9))/(2/(-112))*12/14?
29
Suppose -544 = 7*z + z. Let d be 2*(z + 2 + 4). What is the remainder when (d/6)/(5/(-15)) is divided by 16?
14
Suppose -2*x + 66 = -3*z, -3*z - 48 = -15*x + 19*x. Calculate the remainder when -1 - (-19 + (-2 - 0)) is divided by (-5)/(z/18)*(-96)/(-72).
2
Suppose 3*g + 2*s - 2797 = 0, 65*s + 919 = g + 64*s. What is the remainder when g is divided by 142?
75
Let c = -23767 + 23868. What is the remainder when c is divided by 56?
45
Suppose -4*q + 2*s + 1196 = 4*s, -3*q + 896 = s. Calculate the remainder when q is divided by (-148)/14*(97 - 104) - 14.
58
Suppose 0 = 3*u - 5*u - 358. Let w = -131 - u. What is the remainder when w is divided by 18?
12
What is the remainder when (-630)/280 - 4165/(-4) is divided by 275?
214
What is the remainder when 8609 is divided by -9 + 8 + (37 - -34)?
69
Suppose q - 3*p + 133 - 11 = 0, p + 223 = -2*q. Let r = q - -114. What is the remainder when 17 is divided by r?
0
Suppose 15*a + 2239 - 17046 - 23443 = 0. Calculate the remainder when a is divided by 112.
86
Let f = 102 - 61. What is the remainder when (-501)/58*-14 - 548/(-7946) is divided by f?
39
Let m(t) = -24*t + 9*t + 13 + 16*t + 10. Calculate the remainder when 2*7*(-5)/(-2) is divided by m(-4).
16
Let s(p) = 60*p**2 + 272*p + 26. Calculate the remainder when s(7) is divided by 29.
27
Calculate the remainder when 664 is divided by (-34)/(-459)*-12*-18.
8
Suppose -5*u = f - 3706, -10*u = -12*u + 4*f + 1500. What is the remainder when u is divided by 28?
14
Let n(h) = -22*h + 596. Calculate the remainder when 206 is divided by n(27).
0
Suppose 3*b - 453 = -4*p, -37*b + 302 = -35*b - 2*p. Calculate the remainder when 325 is divided by b.
23
Let q(y) = y**3 + 5*y**2 - 6*y + 3. Let t be q(-6). Suppose t*s - 40 = 8*s. What is the remainder when 39 is divided by 5/((-4)/(-2) + 14/s)?
19
Suppose 358 = 8*y + 1766. Let x = -165 - y. Calculate the remainder when 20 is divided by x.
9
Let s(h) be the third derivative of h**5/60 + h**4/24 + 85*h**3/6 - 2*h**2. Let r be s(0). Let d = r + -63. What is the remainder when d is divided by 8?
6
Let s(r) = 60*r + 1622. What is the remainder when 105 is divided by s(-27)?
1
Let f = 37 + -21. Let a = 3733 - 3692. What is the remainder when a is divided by f?
9
Let w(d) = 329*d - 5784. What is the remainder when w(26) is divided by 120?
10
Let w(j) = 10*j - 68. Let g be w(-12). Let v = g + 205. What is the remainder when 44 is divided by v?
10
Calculate the remainder when 419 is divided by 15 + (-6 - (-127 - 0)).
11
Suppose -5029 = -35*t + 2006. What is the remainder when t is divided by 13?
6
Suppose -72*n + 73*n = 10. Calculate the remainder when 429/(-55) + 9 - (-678)/n is divided by 25.
19
Let s(u) = -u - 3. Let x(p) = p. Let n(t) = -t + 1. Let b be n(0). Let d(k) = b*s(k) - 6*x(k). What is the remainder when d(-17) is divided by 30?
26
Suppose -c - 359 = -x + 43, 4*c = -5*x + 2001. What is the remainder when x is divided by 97?
13
Suppose 20264 = 26*a + 22*a - 10120. Calculate the remainder when a is divided by 160.
153
Let z = -3273 - -3506. Calculate the remainder when 743 is divided by z.
44
Suppose 236*w = 230*w + 120. Let d = -259 + 271. What is the remainder when w is divided by d?
8
Let c be 6*(-4)/(-9)*(-6)/(-4). Suppose -c*o + 4*m + 68 = 0, -m = -2*o + 32 + 3. What is the remainder when 232 is divided by o?
16
Suppose 32 + 80 = 4*h. Suppose 23*o - 2*x + 245 = h*o, 5*o - 245 = 5*x. Calculate the remainder when 291 is divided by o.
46
Suppose 0 = 2*z - 3*z + 14. Let n(r) = r**2 - 4*r - 1. Let h be n(4). Let l(i) = 56*i**2 + 2*i + 1. Calculate the remainder when l(h) is divided by z.
13
Suppose -w + 5*v = w - 344, -4*v = 3*w - 516. Suppose w = 12*x - 32. Calculate the remainder when x is divided by 14.
3
Calculate the remainder when 465 is divided by (-28)/77 + 8/22 - -152.
9
Let v = 14 - -7. Let f(n) = n**3 - 21*n**2 + 4*n - 61. Calculate the remainder when 228 is divided by f(v).
21
Let x(k) = 419*k + 2681. What is the remainder when 609 is divided by x(-6)?
108
Let w(t) = -27*t**3 + 63*t**2 + 10*t + 26. Calculate the remainder when w(-4) is divided by 677.
14
Calculate the remainder when 6760 is divided by (9996/153)/(-5*4/(-45)).
145
Let l(y) = -y**3 + 3*y**2 + y + 2. Suppose -18 = -3*x - 12. Calculate the remainder when (x/(-6) + 0)*-141 is divided by l(2).
7
Let s(g) = -g**2 - 12*g + 188. Let z be s(-21). What is the remainder when (270/24 - 1)/(z/(-4)) is divided by 9?
5
Suppose -z + 16*z + 14*z - 12383 = 0. What is the remainder when z is divided by 10?
7
Let r be (1 - 5)*(11 + -12). Let t(j) = -2*j**3 + 14*j**2 + j + 7. Calculate the remainder when t(6) is divided by ((-11)/((-66)/(-4)))/(r/(-174)).
27
Suppose -48*c - 38 = 154. Calculate the remainder when 598 is divided by (11 - 174/18)*(-258)/c.
82
Let d(m) = -19*m - 53. Let r be d(-3). Suppose z + z + 3*h - 462 = 0, 4*z - 924 = -r*h. Calculate the remainder when z is divided by 78.
75
Let i = -8 + 14. Let s(a) = a**2 + 550*a + 6687. Calculate the remainder when s(-12) is divided by i.
3
Suppose -16684 + 16574 = k - 11*k. Let a = -2 - -4. Calculate the remainder when k is divided by a.
1
Calculate the remainder when 234 is divided by 4*(-16)/20*1/(6/(-60)).
10
Let g = 17960 + -17483. Calculate the remainder when g is divided by 446.
31
Let f be 0*(3/(-4))/(9/(-6)). Let i be (f - 1)/((-2)/50). Suppose -i*t + 22*t = -39. Calculate the remainder when t is divided by 7.
6
Let c be 4 + (-4 - -6 - 2) + 50. Suppose -6*u + c = -12. Calculate the remainder when 18 is divided by u.
7
Suppose 1260 - 127 = 16*z - 291. Let t(k) = -11*k - 68. Calculate the remainder when z is divided by t(-8).
9
Let i be 3/(-5) - 33*14/(-70). Suppose 94 = i*a - 470. Calculate the remainder when a is divided by 19.
18
Let o = 818 - 783. Suppose 4*b + 63 = 2*a - a, -b = 4. Suppose -a - o = -r. Calculate the remainder when r is divided by 22.
16
Let v = -1371 - -506. Let r = 514 + v. What is the remainder when 75 is divided by (-6)/15 + -2 + r/(-15)?
12
What is the remainder when 186 is divided by (1095/(-1460))/(6/(-104))?
4
Let o = -745 + 2509. Suppose -27*x + 31*x - o = 0. Calculate the remainder when x is divided by 74.
71
Let l(d) = -d**3 - 79*d**2 - 88*d - 664. Let y = -68 - -92. What is the remainder when l(-78) is divided by y?
20
Let d = 26198 - 26119. What is the remainder when 433 is divided by d?
38
Calculate the remainder when 37/74 - 4/((-8)/189) is divided by 9.
5
Let b = -124 + 144. Calculate the remainder when 71 is divided by b.
11
Let n(p) = -841*p - 49. Let l be n(16). Calculate the remainder when (-6)/(-16) + l/(-296) is divided by 6.
4
Suppose -1016 = -4*k + 100. Suppose 6*q = 3*q + k. Suppose 0 = 4*a - 255 + 159. Calculate the remainder when q is divided by a.
21
Suppose -1821 = -4*g - 5*m, 3*g - 5*m = -249 + 1606. What is the remainder when g is divided by 76?
74
What is the remainder when 174/16 + (52/(-130) - 21/(-40)) is divided by (-66)/(-11)*1/2?
2
Let i = 35 + -23. What is the remainder when (0 + 20/(-3))*7491/(-1135) is divided by i?
8
Suppose -3*q - 17*o + 13*o + 205 = 0, q = o + 80. Let p = 413 + -41. Calculate the remainder when p is divided by q.
72
Suppose -14*v = -69*v + 11801 + 9924. What is the remainder when v is divided by 387?
8
Suppose 0 = 18*f - 149627 + 45875. Calculate the remainder when f is divided by 822.
10
Let c(u) = -u**3 - 222*u**2 - 2324*u - 571. What is the remainder when (4/(-3))/((-4)/738) is divided by c(-211)?
60
Suppose -4*l + 2*l = -56. Suppose 3733*b = 3700*b + 3300. Calculate the remainder when b is divided by l.
16
Suppose -341 = -3*t - 4*b + 295, 0 = -4*b. What is the remainder when t is divided by 122?
90
Let n(p) = -p**3 - 100*p**2 + 411*p - 150. What is the remainder when n(-104) is divided by 62?
60
Let s = -23 + 38. Suppose 